{"id":1384,"date":"2025-04-04T20:51:45","date_gmt":"2025-04-04T18:51:45","guid":{"rendered":"https:\/\/pordzewione.pl\/?page_id=1384"},"modified":"2025-04-04T21:04:28","modified_gmt":"2025-04-04T19:04:28","slug":"elementor-1384","status":"publish","type":"page","link":"https:\/\/pordzewione.pl\/?page_id=1384","title":{"rendered":"GPSR"},"content":{"rendered":"\t\t<div data-elementor-type=\"wp-page\" data-elementor-id=\"1384\" class=\"elementor elementor-1384\">\n\t\t\t\t<div class=\"elementor-element elementor-element-c44afe1 e-flex e-con-boxed e-con e-parent\" data-id=\"c44afe1\" data-element_type=\"container\" data-settings=\"{&quot;content_width&quot;:&quot;boxed&quot;}\" data-core-v316-plus=\"true\">\n\t\t\t\t\t<div class=\"e-con-inner\">\n\t\t\t\t<div class=\"elementor-element elementor-element-d0efbc1 elementor-widget elementor-widget-text-editor\" data-id=\"d0efbc1\" data-element_type=\"widget\" data-widget_type=\"text-editor.default\">\n\t\t\t\t<div class=\"elementor-widget-container\">\n\t\t\t<style>\/*! elementor - v3.19.0 - 07-02-2024 *\/\n.elementor-widget-text-editor.elementor-drop-cap-view-stacked .elementor-drop-cap{background-color:#69727d;color:#fff}.elementor-widget-text-editor.elementor-drop-cap-view-framed .elementor-drop-cap{color:#69727d;border:3px solid;background-color:transparent}.elementor-widget-text-editor:not(.elementor-drop-cap-view-default) .elementor-drop-cap{margin-top:8px}.elementor-widget-text-editor:not(.elementor-drop-cap-view-default) .elementor-drop-cap-letter{width:1em;height:1em}.elementor-widget-text-editor .elementor-drop-cap{float:left;text-align:center;line-height:1;font-size:50px}.elementor-widget-text-editor .elementor-drop-cap-letter{display:inline-block}<\/style>\t\t\t\t<p>\u00a0<\/p><h1 style=\"font-size: 20px; text-align: center;\"><span style=\"font-size: 20px; color: #000000;\">Instrukcja bezpiecze\u0144stwa i u\u017cytkowania produkt\u00f3w &#8211; <\/span><span style=\"font-size: 20px; color: #000000;\">dekoracji oraz element\u00f3w architektury ogrodowej wykonanych z metalu<\/span><\/h1><p style=\"text-align: center;\"><span style=\"color: #000000;\">Dane kontaktowe producenta:<\/span><\/p><p style=\"text-align: center;\"><span style=\"color: #000000;\">Robert Horoszko<\/span><\/p><p style=\"text-align: center;\"><span style=\"color: #000000;\">\u0179r\u00f3dlana 47\/19,<\/span><\/p><p style=\"text-align: center;\"><span style=\"color: #000000;\">33-380 Krynica-Zdr\u00f3j\u00a0<\/span><\/p><p style=\"text-align: center;\"><span style=\"color: #000000;\">tel.: +48 667 995 694<\/span><\/p><p style=\"text-align: center;\"><span style=\"color: #000000;\">email: kontakt@pordzewione.pl<\/span><\/p><p style=\"text-align: center;\"><span style=\"color: #000000;\"><a style=\"color: #000000;\" href=\"http:\/\/www.browin.pl\/\">www.pordzewione.pl<\/a><\/span><\/p><p>\u00a0<\/p><p style=\"text-align: center;\"><span style=\"color: #000000;\">Cel dokumentu<\/span><\/p><p><span style=\"color: #000000;\">Instrukcja bezpiecze\u0144stwa zosta\u0142a opracowana zgodnie z Rozporz\u0105dzeniem Parlamentu Europejskiego i Rady (UE) 2023\/988 z dnia 10 maja 2023 r. w sprawie og\u00f3lnego bezpiecze\u0144stwa produkt\u00f3w, zmieniaj\u0105cym rozporz\u0105dzenie Parlamentu Europejskiego i Rady (UE) nr 1025\/2012 i dyrektyw\u0119 Parlamentu Europejskiego i Rady (UE) 2020\/1828 oraz uchylaj\u0105cym dyrektyw\u0119 2001\/95\/WE Parlamentu Europejskiego i Rady i dyrektyw\u0119 Rady 87\/357\/EWG. Dokument okre\u015bla og\u00f3lne zasady bezpiecznego u\u017cytkowania dekoracji oraz element\u00f3w architektury ogrodowej, wymagane \u015brodki ostro\u017cno\u015bci oraz procedury dzia\u0142ania w sytuacji nieprzewidzianych zagro\u017ce\u0144.<\/span><\/p><p style=\"text-align: center;\"><span style=\"color: #000000;\">Zakres i zastosowanie<\/span><\/p><p><span style=\"color: #000000;\">Instrukcja dotyczy dekoracji i element\u00f3w architektury ogrodowej produkowanych przez Robert Horoszko i sprzedawanych poprzez stron\u0119 internetow\u0105 <a style=\"color: #000000;\" href=\"http:\/\/www.pordzewione.pl\/\">www.pordzewione.pl<\/a><\/span><\/p><p style=\"text-align: center;\"><span style=\"color: #000000;\">Przygotowanie produktu do u\u017cytkowania<\/span><\/p><p><span style=\"color: #000000;\">Oferujemy kilka rodzaj\u00f3w produkt\u00f3w. Wi\u0119kszo\u015b\u0107 z nich jest gotowa do natychmiastowego u\u017cycia \u2013 wystarczy je ustawi\u0107, przykr\u0119ci\u0107 lub wbi\u0107 w ziemi\u0119 za pomoc\u0105 mocuj\u0105cych pr\u0119t\u00f3w. Niekt\u00f3re dekoracje wymagaj\u0105 jednak wcze\u015bniejszego z\u0142o\u017cenia przed umieszczeniem w ogrodzie. W przypadku produkt\u00f3w wyposa\u017conych w pr\u0119ty gwintowane nale\u017cy dok\u0142adnie dokr\u0119ci\u0107 element dekoracyjny, aby dobrze przylega\u0142 i nie mia\u0142 luzu. Dopiero po upewnieniu si\u0119, \u017ce jest stabilny, mo\u017cna go osadzi\u0107 w ziemi. Zaleca si\u0119 regularne sprawdzanie, czy nakr\u0119tka na gwincie nie uleg\u0142a poluzowaniu.<\/span><\/p><p style=\"text-align: center;\"><span style=\"color: #000000;\">Og\u00f3lne zasady bezpiecze\u0144stwa u\u017cytkowania<\/span><\/p><p><span style=\"color: #000000;\">Ze wzgl\u0119du na ostre kraw\u0119dzie i mo\u017cliwo\u015b\u0107 skaleczenia przy nieostro\u017cnym u\u017cytkowaniu, zaleca si\u0119 przechowywanie oraz korzystanie z produkt\u00f3w w miejscach niedost\u0119pnych dla dzieci i zwierz\u0105t. Nale\u017cy regularnie kontrolowa\u0107, czy dekoracje s\u0105 stabilnie osadzone w pod\u0142o\u017cu, solidnie przykr\u0119cone do powierzchni lub bezpiecznie zawieszone. Aby unikn\u0105\u0107 ryzyka potkni\u0119cia lub zahaczenia o metalow\u0105 kraw\u0119d\u017a, nie nale\u017cy umieszcza\u0107 ich w ci\u0105gach komunikacyjnych.<\/span><\/p><p style=\"text-align: center;\"><span style=\"color: #000000;\">Monta\u017c oraz umieszczenie produktu na miejscu docelowym<\/span><\/p><p><span style=\"color: #000000;\">Nasze produkty s\u0105 wykonane z metalu i mog\u0105 posiada\u0107 ostre kraw\u0119dzie, dlatego podczas monta\u017cu zaleca si\u0119 stosowanie r\u0119kawic ochronnych. Przeznaczone s\u0105 g\u0142\u00f3wnie do u\u017cytku zewn\u0119trznego.<\/span><\/p><p><span style=\"color: #000000;\">Dekoracje wyposa\u017cone w pr\u0119ty mocuj\u0105ce nale\u017cy wbi\u0107 w ziemi\u0119 na odpowiedni\u0105 g\u0142\u0119boko\u015b\u0107, zapewniaj\u0105c ich stabilno\u015b\u0107. W zale\u017cno\u015bci od rozmiaru ozdoby i rodzaju pod\u0142o\u017ca, g\u0142\u0119boko\u015b\u0107 ta powinna wynosi\u0107 od 10 do 30 cm. Produkty przeznaczone do przykr\u0119cenia lub zawieszenia nale\u017cy montowa\u0107 na stabilnej, sztywnej powierzchni. Elementy przykr\u0119cane powinny by\u0107 solidnie przymocowane, bez luz\u00f3w, przy u\u017cyciu odpowiednich \u015brub, wkr\u0119t\u00f3w lub ko\u0142k\u00f3w dostosowanych do rodzaju \u015bciany lub pod\u0142o\u017ca. Wkr\u0119ty nie s\u0105 do\u0142\u0105czone do zestawu.<\/span><\/p><p><span style=\"color: #000000;\">Podczas wyboru miejsca monta\u017cu nale\u017cy upewni\u0107 si\u0119, \u017ce dekoracje nie b\u0119d\u0105 nara\u017cone na silne podmuchy wiatru, ani ryzyko str\u0105cenia przez ga\u0142\u0119zie lub inne ruchome elementy.<\/span><\/p><p style=\"text-align: center;\"><span style=\"color: #000000;\">Pozosta\u0142e informacje<\/span><\/p><p><span style=\"color: #000000;\">Nasze produkty s\u0105 wykonane z metalu i celowo poddane procesowi rdzewienia. Naturalnie powstaj\u0105cy nalot mo\u017ce pozostawia\u0107 \u015blady i brudzi\u0107 powierzchnie. Dlatego warto zachowa\u0107 ostro\u017cno\u015b\u0107, je\u015bli dekoracja ma styka\u0107 si\u0119 bezpo\u015brednio z jasnymi materia\u0142ami, takimi jak kostka brukowa, gres czy \u015bciana w jasnym kolorze.<\/span><\/p><p><span style=\"color: #000000;\">W takich przypadkach zalecamy zamontowanie dekoracji z lekkim dystansem lub zabezpieczenie jej wcze\u015bniej lakierem bezbarwnym przeznaczonym do stosowania na rdz\u0119. Nie stosujemy dodatkowych \u015brodk\u00f3w ochronnych przed korozj\u0105, poniewa\u017c jest to zamierzony proces. Rdza rozwija si\u0119 stopniowo, jednak przebiega bardzo powoli i przez wiele lat nie wp\u0142ywa negatywnie na wygl\u0105d ani bezpiecze\u0144stwo dekoracji.<\/span><\/p><p style=\"text-align: center;\"><span style=\"color: #000000;\">Instrukcja sortowania \u015bmieci<\/span><\/p><p><span style=\"color: #000000;\">Opakowanie:<\/span><\/p><p><span style=\"color: #000000;\">&#8211; karton &#8211; odpady sortowane papierowe<\/span><\/p><p><span style=\"color: #000000;\">&#8211; folia b\u0105belkowa, folia stretch &#8211; odpady sortowane plastikowe<\/span><\/p><p><span style=\"color: #000000;\">&#8211; ta\u015bma klej\u0105ca &#8211; odpady zmieszane<\/span><\/p><p><span style=\"color: #000000;\">&#8211; pozosta\u0142e tworzywa s\u0142u\u017c\u0105ce za wype\u0142nienie i pochodz\u0105ce z odzysku &#8211; odpady zmieszane<\/span><\/p><p><span style=\"color: #000000;\">Metal, z kt\u00f3rego wykonane s\u0105 dekoracje, w 100% podlega recyklingowi.<\/span><\/p>\t\t\t\t\t\t<\/div>\n\t\t\t\t<\/div>\n\t\t\t\t\t<\/div>\n\t\t\t\t<\/div>\n\t\t\t\t<\/div>\n\t\t","protected":false},"excerpt":{"rendered":"<p>\u00a0 Instrukcja bezpiecze\u0144stwa i u\u017cytkowania produkt\u00f3w &#8211; dekoracji oraz element\u00f3w architektury ogrodowej wykonanych z metalu Dane kontaktowe producenta: Robert Horoszko \u0179r\u00f3dlana 47\/19, 33-380 Krynica-Zdr\u00f3j\u00a0 tel.: +48 667 995 694 email: kontakt@pordzewione.pl www.pordzewione.pl \u00a0 Cel dokumentu Instrukcja bezpiecze\u0144stwa zosta\u0142a opracowana zgodnie z Rozporz\u0105dzeniem Parlamentu Europejskiego i Rady (UE) 2023\/988 z dnia 10 maja 2023 r. w [&hellip;]<\/p>\n","protected":false},"author":1,"featured_media":0,"parent":0,"menu_order":0,"comment_status":"closed","ping_status":"closed","template":"","meta":{"ocean_post_layout":"","ocean_both_sidebars_style":"","ocean_both_sidebars_content_width":0,"ocean_both_sidebars_sidebars_width":0,"ocean_sidebar":"","ocean_second_sidebar":"","ocean_disable_margins":"enable","ocean_add_body_class":"","ocean_shortcode_before_top_bar":"","ocean_shortcode_after_top_bar":"","ocean_shortcode_before_header":"","ocean_shortcode_after_header":"","ocean_has_shortcode":"","ocean_shortcode_after_title":"","ocean_shortcode_before_footer_widgets":"","ocean_shortcode_after_footer_widgets":"","ocean_shortcode_before_footer_bottom":"","ocean_shortcode_after_footer_bottom":"","ocean_display_top_bar":"default","ocean_display_header":"default","ocean_header_style":"","ocean_center_header_left_menu":"","ocean_custom_header_template":"","ocean_custom_logo":0,"ocean_custom_retina_logo":0,"ocean_custom_logo_max_width":0,"ocean_custom_logo_tablet_max_width":0,"ocean_custom_logo_mobile_max_width":0,"ocean_custom_logo_max_height":0,"ocean_custom_logo_tablet_max_height":0,"ocean_custom_logo_mobile_max_height":0,"ocean_header_custom_menu":"","ocean_menu_typo_font_family":"","ocean_menu_typo_font_subset":"","ocean_menu_typo_font_size":0,"ocean_menu_typo_font_size_tablet":0,"ocean_menu_typo_font_size_mobile":0,"ocean_menu_typo_font_size_unit":"px","ocean_menu_typo_font_weight":"","ocean_menu_typo_font_weight_tablet":"","ocean_menu_typo_font_weight_mobile":"","ocean_menu_typo_transform":"","ocean_menu_typo_transform_tablet":"","ocean_menu_typo_transform_mobile":"","ocean_menu_typo_line_height":0,"ocean_menu_typo_line_height_tablet":0,"ocean_menu_typo_line_height_mobile":0,"ocean_menu_typo_line_height_unit":"","ocean_menu_typo_spacing":0,"ocean_menu_typo_spacing_tablet":0,"ocean_menu_typo_spacing_mobile":0,"ocean_menu_typo_spacing_unit":"","ocean_menu_link_color":"","ocean_menu_link_color_hover":"","ocean_menu_link_color_active":"","ocean_menu_link_background":"","ocean_menu_link_hover_background":"","ocean_menu_link_active_background":"","ocean_menu_social_links_bg":"","ocean_menu_social_hover_links_bg":"","ocean_menu_social_links_color":"","ocean_menu_social_hover_links_color":"","ocean_disable_title":"default","ocean_disable_heading":"default","ocean_post_title":"","ocean_post_subheading":"","ocean_post_title_style":"","ocean_post_title_background_color":"","ocean_post_title_background":0,"ocean_post_title_bg_image_position":"","ocean_post_title_bg_image_attachment":"","ocean_post_title_bg_image_repeat":"","ocean_post_title_bg_image_size":"","ocean_post_title_height":0,"ocean_post_title_bg_overlay":0.5,"ocean_post_title_bg_overlay_color":"","ocean_disable_breadcrumbs":"default","ocean_breadcrumbs_color":"","ocean_breadcrumbs_separator_color":"","ocean_breadcrumbs_links_color":"","ocean_breadcrumbs_links_hover_color":"","ocean_display_footer_widgets":"default","ocean_display_footer_bottom":"default","ocean_custom_footer_template":"","footnotes":""},"class_list":["post-1384","page","type-page","status-publish","hentry","entry","owp-thumbs-layout-horizontal","owp-btn-very-big","owp-tabs-layout-horizontal","has-no-thumbnails","has-product-nav"],"yoast_head":"<!-- This site is optimized with the Yoast SEO plugin v23.6 - https:\/\/yoast.com\/wordpress\/plugins\/seo\/ -->\n<title>GPSR - pordzewione<\/title>\n<meta name=\"robots\" content=\"index, follow, max-snippet:-1, max-image-preview:large, max-video-preview:-1\" \/>\n<link rel=\"canonical\" href=\"http:\/\/pordzewione.pl\/?page_id=1384\" \/>\n<meta property=\"og:locale\" content=\"pl_PL\" \/>\n<meta property=\"og:type\" content=\"article\" \/>\n<meta property=\"og:title\" content=\"GPSR - pordzewione\" \/>\n<meta property=\"og:description\" content=\"\u00a0 Instrukcja bezpiecze\u0144stwa i u\u017cytkowania produkt\u00f3w &#8211; dekoracji oraz element\u00f3w architektury ogrodowej wykonanych z metalu Dane kontaktowe producenta: Robert Horoszko \u0179r\u00f3dlana 47\/19, 33-380 Krynica-Zdr\u00f3j\u00a0 tel.: +48 667 995 694 email: kontakt@pordzewione.pl www.pordzewione.pl \u00a0 Cel dokumentu Instrukcja bezpiecze\u0144stwa zosta\u0142a opracowana zgodnie z Rozporz\u0105dzeniem Parlamentu Europejskiego i Rady (UE) 2023\/988 z dnia 10 maja 2023 r. w [&hellip;]\" \/>\n<meta property=\"og:url\" content=\"http:\/\/pordzewione.pl\/?page_id=1384\" \/>\n<meta property=\"og:site_name\" content=\"pordzewione\" \/>\n<meta property=\"article:publisher\" content=\"https:\/\/www.facebook.com\/profile.php?id=61555479644022&amp;locale=pl_PL\" \/>\n<meta property=\"article:modified_time\" content=\"2025-04-04T19:04:28+00:00\" \/>\n<meta name=\"twitter:card\" content=\"summary_large_image\" \/>\n<meta name=\"twitter:label1\" content=\"Szacowany czas czytania\" \/>\n\t<meta name=\"twitter:data1\" content=\"4 minuty\" \/>\n<script type=\"application\/ld+json\" class=\"yoast-schema-graph\">{\"@context\":\"https:\/\/schema.org\",\"@graph\":[{\"@type\":\"WebPage\",\"@id\":\"http:\/\/pordzewione.pl\/?page_id=1384\",\"url\":\"http:\/\/pordzewione.pl\/?page_id=1384\",\"name\":\"GPSR - pordzewione\",\"isPartOf\":{\"@id\":\"https:\/\/pordzewione.pl\/#website\"},\"datePublished\":\"2025-04-04T18:51:45+00:00\",\"dateModified\":\"2025-04-04T19:04:28+00:00\",\"breadcrumb\":{\"@id\":\"http:\/\/pordzewione.pl\/?page_id=1384#breadcrumb\"},\"inLanguage\":\"pl-PL\",\"potentialAction\":[{\"@type\":\"ReadAction\",\"target\":[\"http:\/\/pordzewione.pl\/?page_id=1384\"]}]},{\"@type\":\"BreadcrumbList\",\"@id\":\"http:\/\/pordzewione.pl\/?page_id=1384#breadcrumb\",\"itemListElement\":[{\"@type\":\"ListItem\",\"position\":1,\"name\":\"Strona g\u0142\u00f3wna\",\"item\":\"https:\/\/pordzewione.pl\/\"},{\"@type\":\"ListItem\",\"position\":2,\"name\":\"GPSR\"}]},{\"@type\":\"WebSite\",\"@id\":\"https:\/\/pordzewione.pl\/#website\",\"url\":\"https:\/\/pordzewione.pl\/\",\"name\":\"pordzewione\",\"description\":\"Rdza w ogrodzie\",\"publisher\":{\"@id\":\"https:\/\/pordzewione.pl\/#organization\"},\"potentialAction\":[{\"@type\":\"SearchAction\",\"target\":{\"@type\":\"EntryPoint\",\"urlTemplate\":\"https:\/\/pordzewione.pl\/?s={search_term_string}\"},\"query-input\":{\"@type\":\"PropertyValueSpecification\",\"valueRequired\":true,\"valueName\":\"search_term_string\"}}],\"inLanguage\":\"pl-PL\"},{\"@type\":\"Organization\",\"@id\":\"https:\/\/pordzewione.pl\/#organization\",\"name\":\"pordzewione\",\"url\":\"https:\/\/pordzewione.pl\/\",\"logo\":{\"@type\":\"ImageObject\",\"inLanguage\":\"pl-PL\",\"@id\":\"https:\/\/pordzewione.pl\/#\/schema\/logo\/image\/\",\"url\":\"https:\/\/pordzewione.pl\/wp-content\/uploads\/2024\/04\/cropped-IMG_2216-e1713294513315.png\",\"contentUrl\":\"https:\/\/pordzewione.pl\/wp-content\/uploads\/2024\/04\/cropped-IMG_2216-e1713294513315.png\",\"width\":781,\"height\":394,\"caption\":\"pordzewione\"},\"image\":{\"@id\":\"https:\/\/pordzewione.pl\/#\/schema\/logo\/image\/\"},\"sameAs\":[\"https:\/\/www.facebook.com\/profile.php?id=61555479644022&locale=pl_PL\",\"https:\/\/www.instagram.com\/pordzewione?fbclid=IwY2xjawGDjIdleHRuA2FlbQIxMAABHVtCkg3oYEIUFpDPouTNWOy9NQl_3mFaSwsEOTkriWa1tmWTw5O9AARs5w_aem_SNzw_mtwQbp02WXEccKYMA\"]}]}<\/script>\n<!-- \/ Yoast SEO plugin. -->","yoast_head_json":{"title":"GPSR - pordzewione","robots":{"index":"index","follow":"follow","max-snippet":"max-snippet:-1","max-image-preview":"max-image-preview:large","max-video-preview":"max-video-preview:-1"},"canonical":"http:\/\/pordzewione.pl\/?page_id=1384","og_locale":"pl_PL","og_type":"article","og_title":"GPSR - pordzewione","og_description":"\u00a0 Instrukcja bezpiecze\u0144stwa i u\u017cytkowania produkt\u00f3w &#8211; dekoracji oraz element\u00f3w architektury ogrodowej wykonanych z metalu Dane kontaktowe producenta: Robert Horoszko \u0179r\u00f3dlana 47\/19, 33-380 Krynica-Zdr\u00f3j\u00a0 tel.: +48 667 995 694 email: kontakt@pordzewione.pl www.pordzewione.pl \u00a0 Cel dokumentu Instrukcja bezpiecze\u0144stwa zosta\u0142a opracowana zgodnie z Rozporz\u0105dzeniem Parlamentu Europejskiego i Rady (UE) 2023\/988 z dnia 10 maja 2023 r. w [&hellip;]","og_url":"http:\/\/pordzewione.pl\/?page_id=1384","og_site_name":"pordzewione","article_publisher":"https:\/\/www.facebook.com\/profile.php?id=61555479644022&locale=pl_PL","article_modified_time":"2025-04-04T19:04:28+00:00","twitter_card":"summary_large_image","twitter_misc":{"Szacowany czas czytania":"4 minuty"},"schema":{"@context":"https:\/\/schema.org","@graph":[{"@type":"WebPage","@id":"http:\/\/pordzewione.pl\/?page_id=1384","url":"http:\/\/pordzewione.pl\/?page_id=1384","name":"GPSR - pordzewione","isPartOf":{"@id":"https:\/\/pordzewione.pl\/#website"},"datePublished":"2025-04-04T18:51:45+00:00","dateModified":"2025-04-04T19:04:28+00:00","breadcrumb":{"@id":"http:\/\/pordzewione.pl\/?page_id=1384#breadcrumb"},"inLanguage":"pl-PL","potentialAction":[{"@type":"ReadAction","target":["http:\/\/pordzewione.pl\/?page_id=1384"]}]},{"@type":"BreadcrumbList","@id":"http:\/\/pordzewione.pl\/?page_id=1384#breadcrumb","itemListElement":[{"@type":"ListItem","position":1,"name":"Strona g\u0142\u00f3wna","item":"https:\/\/pordzewione.pl\/"},{"@type":"ListItem","position":2,"name":"GPSR"}]},{"@type":"WebSite","@id":"https:\/\/pordzewione.pl\/#website","url":"https:\/\/pordzewione.pl\/","name":"pordzewione","description":"Rdza w ogrodzie","publisher":{"@id":"https:\/\/pordzewione.pl\/#organization"},"potentialAction":[{"@type":"SearchAction","target":{"@type":"EntryPoint","urlTemplate":"https:\/\/pordzewione.pl\/?s={search_term_string}"},"query-input":{"@type":"PropertyValueSpecification","valueRequired":true,"valueName":"search_term_string"}}],"inLanguage":"pl-PL"},{"@type":"Organization","@id":"https:\/\/pordzewione.pl\/#organization","name":"pordzewione","url":"https:\/\/pordzewione.pl\/","logo":{"@type":"ImageObject","inLanguage":"pl-PL","@id":"https:\/\/pordzewione.pl\/#\/schema\/logo\/image\/","url":"https:\/\/pordzewione.pl\/wp-content\/uploads\/2024\/04\/cropped-IMG_2216-e1713294513315.png","contentUrl":"https:\/\/pordzewione.pl\/wp-content\/uploads\/2024\/04\/cropped-IMG_2216-e1713294513315.png","width":781,"height":394,"caption":"pordzewione"},"image":{"@id":"https:\/\/pordzewione.pl\/#\/schema\/logo\/image\/"},"sameAs":["https:\/\/www.facebook.com\/profile.php?id=61555479644022&locale=pl_PL","https:\/\/www.instagram.com\/pordzewione?fbclid=IwY2xjawGDjIdleHRuA2FlbQIxMAABHVtCkg3oYEIUFpDPouTNWOy9NQl_3mFaSwsEOTkriWa1tmWTw5O9AARs5w_aem_SNzw_mtwQbp02WXEccKYMA"]}]}},"jetpack_sharing_enabled":true,"_links":{"self":[{"href":"https:\/\/pordzewione.pl\/index.php?rest_route=\/wp\/v2\/pages\/1384","targetHints":{"allow":["GET"]}}],"collection":[{"href":"https:\/\/pordzewione.pl\/index.php?rest_route=\/wp\/v2\/pages"}],"about":[{"href":"https:\/\/pordzewione.pl\/index.php?rest_route=\/wp\/v2\/types\/page"}],"author":[{"embeddable":true,"href":"https:\/\/pordzewione.pl\/index.php?rest_route=\/wp\/v2\/users\/1"}],"replies":[{"embeddable":true,"href":"https:\/\/pordzewione.pl\/index.php?rest_route=%2Fwp%2Fv2%2Fcomments&post=1384"}],"version-history":[{"count":12,"href":"https:\/\/pordzewione.pl\/index.php?rest_route=\/wp\/v2\/pages\/1384\/revisions"}],"predecessor-version":[{"id":1398,"href":"https:\/\/pordzewione.pl\/index.php?rest_route=\/wp\/v2\/pages\/1384\/revisions\/1398"}],"wp:attachment":[{"href":"https:\/\/pordzewione.pl\/index.php?rest_route=%2Fwp%2Fv2%2Fmedia&parent=1384"}],"curies":[{"name":"wp","href":"https:\/\/api.w.org\/{rel}","templated":true}]}}