{"id":1228,"date":"2024-10-01T22:06:41","date_gmt":"2024-10-01T20:06:41","guid":{"rendered":"https:\/\/pordzewione.pl\/?post_type=product&#038;p=1228"},"modified":"2025-04-12T14:36:24","modified_gmt":"2025-04-12T12:36:24","slug":"kuty-swiecznik","status":"publish","type":"product","link":"https:\/\/pordzewione.pl\/?product=kuty-swiecznik","title":{"rendered":"Kuty \u015bwiecznik"},"content":{"rendered":"","protected":false},"excerpt":{"rendered":"<p>Ten kuty, metalowy \u015bwiecznik w kolorze rdzy to doskona\u0142y dodatek, kt\u00f3ry doda elegancji ka\u017cdej uroczystej kolacji. Wykonany r\u0119cznie z wysokiej jako\u015bci metalu, \u015bwiecznik \u0142\u0105czy w sobie artystyczny design z rustykalnym urokiem, tworz\u0105c niepowtarzalny akcent na stole.<\/p>\n<p>Jego unikalne kszta\u0142ty i staranne wyko\u0144czenie sprawiaj\u0105, \u017ce staje si\u0119 on nie tylko funkcjonalnym elementem, ale tak\u017ce stylow\u0105 dekoracj\u0105. Ciep\u0142y odcie\u0144 rdzy wprowadza przytuln\u0105 atmosfer\u0119, a delikatny blask \u015bwiec roz\u015bwietli ka\u017cdy k\u0105t, tworz\u0105c romantyczn\u0105 i intymn\u0105 sceneri\u0119.<\/p>\n<p>Idealnie pasuje do eleganckich aran\u017cacji sto\u0142u, dodaj\u0105c mu wyj\u0105tkowego charakteru. Umieszczony w towarzystwie \u015bwiec, kuty \u015bwiecznik stanie si\u0119 centralnym punktem wieczoru, przyci\u0105gaj\u0105c wzrok i wzbogacaj\u0105c atmosfer\u0119 spotkania. Wybierz ten r\u0119cznie wykonan\u0105 ozdob\u0119, aby uczyni\u0107 swoj\u0105 kolacj\u0119 niezapomnian\u0105!<\/p>\n","protected":false},"featured_media":1234,"template":"","meta":{"ocean_post_layout":"","ocean_both_sidebars_style":"","ocean_both_sidebars_content_width":0,"ocean_both_sidebars_sidebars_width":0,"ocean_sidebar":"0","ocean_second_sidebar":"0","ocean_disable_margins":"enable","ocean_add_body_class":"","ocean_shortcode_before_top_bar":"","ocean_shortcode_after_top_bar":"","ocean_shortcode_before_header":"","ocean_shortcode_after_header":"","ocean_has_shortcode":"","ocean_shortcode_after_title":"","ocean_shortcode_before_footer_widgets":"","ocean_shortcode_after_footer_widgets":"","ocean_shortcode_before_footer_bottom":"","ocean_shortcode_after_footer_bottom":"","ocean_display_top_bar":"default","ocean_display_header":"default","ocean_header_style":"","ocean_center_header_left_menu":"0","ocean_custom_header_template":"0","ocean_custom_logo":0,"ocean_custom_retina_logo":0,"ocean_custom_logo_max_width":0,"ocean_custom_logo_tablet_max_width":0,"ocean_custom_logo_mobile_max_width":0,"ocean_custom_logo_max_height":0,"ocean_custom_logo_tablet_max_height":0,"ocean_custom_logo_mobile_max_height":0,"ocean_header_custom_menu":"0","ocean_menu_typo_font_family":"0","ocean_menu_typo_font_subset":"","ocean_menu_typo_font_size":0,"ocean_menu_typo_font_size_tablet":0,"ocean_menu_typo_font_size_mobile":0,"ocean_menu_typo_font_size_unit":"px","ocean_menu_typo_font_weight":"","ocean_menu_typo_font_weight_tablet":"","ocean_menu_typo_font_weight_mobile":"","ocean_menu_typo_transform":"","ocean_menu_typo_transform_tablet":"","ocean_menu_typo_transform_mobile":"","ocean_menu_typo_line_height":0,"ocean_menu_typo_line_height_tablet":0,"ocean_menu_typo_line_height_mobile":0,"ocean_menu_typo_line_height_unit":"","ocean_menu_typo_spacing":0,"ocean_menu_typo_spacing_tablet":0,"ocean_menu_typo_spacing_mobile":0,"ocean_menu_typo_spacing_unit":"","ocean_menu_link_color":"","ocean_menu_link_color_hover":"","ocean_menu_link_color_active":"","ocean_menu_link_background":"","ocean_menu_link_hover_background":"","ocean_menu_link_active_background":"","ocean_menu_social_links_bg":"","ocean_menu_social_hover_links_bg":"","ocean_menu_social_links_color":"","ocean_menu_social_hover_links_color":"","ocean_disable_title":"default","ocean_disable_heading":"default","ocean_post_title":"","ocean_post_subheading":"","ocean_post_title_style":"","ocean_post_title_background_color":"","ocean_post_title_background":0,"ocean_post_title_bg_image_position":"","ocean_post_title_bg_image_attachment":"","ocean_post_title_bg_image_repeat":"","ocean_post_title_bg_image_size":"","ocean_post_title_height":0,"ocean_post_title_bg_overlay":0.5,"ocean_post_title_bg_overlay_color":"","ocean_disable_breadcrumbs":"default","ocean_breadcrumbs_color":"","ocean_breadcrumbs_separator_color":"","ocean_breadcrumbs_links_color":"","ocean_breadcrumbs_links_hover_color":"","ocean_display_footer_widgets":"default","ocean_display_footer_bottom":"default","ocean_custom_footer_template":"0"},"product_brand":[],"product_cat":[20,21],"product_tag":[],"class_list":{"0":"post-1228","1":"product","2":"type-product","3":"status-publish","4":"has-post-thumbnail","6":"product_cat-bez-kategorii","7":"product_cat-inne","9":"entry","10":"has-media","12":"first","13":"instock","14":"shipping-taxable","15":"purchasable","16":"product-type-simple","17":"has-product-nav","18":"col","19":"span_1_of_4","20":"owp-content-center","21":"owp-thumbs-layout-horizontal","22":"owp-btn-very-big","23":"owp-tabs-layout-horizontal","24":"has-no-thumbnails"},"yoast_head":"<!-- This site is optimized with the Yoast SEO plugin v23.6 - https:\/\/yoast.com\/wordpress\/plugins\/seo\/ -->\n<title>Kuty \u015bwiecznik - pordzewione<\/title>\n<meta name=\"robots\" content=\"index, follow, max-snippet:-1, max-image-preview:large, max-video-preview:-1\" \/>\n<link rel=\"canonical\" href=\"https:\/\/pordzewione.pl\/?product=kuty-swiecznik\" \/>\n<meta property=\"og:locale\" content=\"pl_PL\" \/>\n<meta property=\"og:type\" content=\"article\" \/>\n<meta property=\"og:title\" content=\"Kuty \u015bwiecznik - pordzewione\" \/>\n<meta property=\"og:description\" content=\"Ten kuty, metalowy \u015bwiecznik w kolorze rdzy to doskona\u0142y dodatek, kt\u00f3ry doda elegancji ka\u017cdej uroczystej kolacji. Wykonany r\u0119cznie z wysokiej jako\u015bci metalu, \u015bwiecznik \u0142\u0105czy w sobie artystyczny design z rustykalnym urokiem, tworz\u0105c niepowtarzalny akcent na stole.  Jego unikalne kszta\u0142ty i staranne wyko\u0144czenie sprawiaj\u0105, \u017ce staje si\u0119 on nie tylko funkcjonalnym elementem, ale tak\u017ce stylow\u0105 dekoracj\u0105. Ciep\u0142y odcie\u0144 rdzy wprowadza przytuln\u0105 atmosfer\u0119, a delikatny blask \u015bwiec roz\u015bwietli ka\u017cdy k\u0105t, tworz\u0105c romantyczn\u0105 i intymn\u0105 sceneri\u0119.  Idealnie pasuje do eleganckich aran\u017cacji sto\u0142u, dodaj\u0105c mu wyj\u0105tkowego charakteru. Umieszczony w towarzystwie \u015bwiec, kuty \u015bwiecznik stanie si\u0119 centralnym punktem wieczoru, przyci\u0105gaj\u0105c wzrok i wzbogacaj\u0105c atmosfer\u0119 spotkania. Wybierz ten r\u0119cznie wykonan\u0105 ozdob\u0119, aby uczyni\u0107 swoj\u0105 kolacj\u0119 niezapomnian\u0105!\" \/>\n<meta property=\"og:url\" content=\"https:\/\/pordzewione.pl\/?product=kuty-swiecznik\" \/>\n<meta property=\"og:site_name\" content=\"pordzewione\" \/>\n<meta property=\"article:publisher\" content=\"https:\/\/www.facebook.com\/profile.php?id=61555479644022&amp;locale=pl_PL\" \/>\n<meta property=\"article:modified_time\" content=\"2025-04-12T12:36:24+00:00\" \/>\n<meta property=\"og:image\" content=\"https:\/\/pordzewione.pl\/wp-content\/uploads\/2024\/10\/swiecznik.jpg\" \/>\n\t<meta property=\"og:image:width\" content=\"1600\" \/>\n\t<meta property=\"og:image:height\" content=\"1074\" \/>\n\t<meta property=\"og:image:type\" content=\"image\/jpeg\" \/>\n<meta name=\"twitter:card\" content=\"summary_large_image\" \/>\n<meta name=\"twitter:label1\" content=\"Szacowany czas czytania\" \/>\n\t<meta name=\"twitter:data1\" content=\"1 minuta\" \/>\n<script type=\"application\/ld+json\" class=\"yoast-schema-graph\">{\"@context\":\"https:\/\/schema.org\",\"@graph\":[{\"@type\":\"WebPage\",\"@id\":\"https:\/\/pordzewione.pl\/?product=kuty-swiecznik\",\"url\":\"https:\/\/pordzewione.pl\/?product=kuty-swiecznik\",\"name\":\"Kuty \u015bwiecznik - pordzewione\",\"isPartOf\":{\"@id\":\"https:\/\/pordzewione.pl\/#website\"},\"primaryImageOfPage\":{\"@id\":\"https:\/\/pordzewione.pl\/?product=kuty-swiecznik#primaryimage\"},\"image\":{\"@id\":\"https:\/\/pordzewione.pl\/?product=kuty-swiecznik#primaryimage\"},\"thumbnailUrl\":\"https:\/\/pordzewione.pl\/wp-content\/uploads\/2024\/10\/swiecznik.jpg\",\"datePublished\":\"2024-10-01T20:06:41+00:00\",\"dateModified\":\"2025-04-12T12:36:24+00:00\",\"breadcrumb\":{\"@id\":\"https:\/\/pordzewione.pl\/?product=kuty-swiecznik#breadcrumb\"},\"inLanguage\":\"pl-PL\",\"potentialAction\":[{\"@type\":\"ReadAction\",\"target\":[\"https:\/\/pordzewione.pl\/?product=kuty-swiecznik\"]}]},{\"@type\":\"ImageObject\",\"inLanguage\":\"pl-PL\",\"@id\":\"https:\/\/pordzewione.pl\/?product=kuty-swiecznik#primaryimage\",\"url\":\"https:\/\/pordzewione.pl\/wp-content\/uploads\/2024\/10\/swiecznik.jpg\",\"contentUrl\":\"https:\/\/pordzewione.pl\/wp-content\/uploads\/2024\/10\/swiecznik.jpg\",\"width\":1600,\"height\":1074},{\"@type\":\"BreadcrumbList\",\"@id\":\"https:\/\/pordzewione.pl\/?product=kuty-swiecznik#breadcrumb\",\"itemListElement\":[{\"@type\":\"ListItem\",\"position\":1,\"name\":\"Strona g\u0142\u00f3wna\",\"item\":\"https:\/\/pordzewione.pl\/\"},{\"@type\":\"ListItem\",\"position\":2,\"name\":\"Sklep\",\"item\":\"http:\/\/pordzewione.pl\/?page_id=15\"},{\"@type\":\"ListItem\",\"position\":3,\"name\":\"Kuty \u015bwiecznik\"}]},{\"@type\":\"WebSite\",\"@id\":\"https:\/\/pordzewione.pl\/#website\",\"url\":\"https:\/\/pordzewione.pl\/\",\"name\":\"pordzewione\",\"description\":\"Rdza w ogrodzie\",\"publisher\":{\"@id\":\"https:\/\/pordzewione.pl\/#organization\"},\"potentialAction\":[{\"@type\":\"SearchAction\",\"target\":{\"@type\":\"EntryPoint\",\"urlTemplate\":\"https:\/\/pordzewione.pl\/?s={search_term_string}\"},\"query-input\":{\"@type\":\"PropertyValueSpecification\",\"valueRequired\":true,\"valueName\":\"search_term_string\"}}],\"inLanguage\":\"pl-PL\"},{\"@type\":\"Organization\",\"@id\":\"https:\/\/pordzewione.pl\/#organization\",\"name\":\"pordzewione\",\"url\":\"https:\/\/pordzewione.pl\/\",\"logo\":{\"@type\":\"ImageObject\",\"inLanguage\":\"pl-PL\",\"@id\":\"https:\/\/pordzewione.pl\/#\/schema\/logo\/image\/\",\"url\":\"https:\/\/pordzewione.pl\/wp-content\/uploads\/2024\/04\/cropped-IMG_2216-e1713294513315.png\",\"contentUrl\":\"https:\/\/pordzewione.pl\/wp-content\/uploads\/2024\/04\/cropped-IMG_2216-e1713294513315.png\",\"width\":781,\"height\":394,\"caption\":\"pordzewione\"},\"image\":{\"@id\":\"https:\/\/pordzewione.pl\/#\/schema\/logo\/image\/\"},\"sameAs\":[\"https:\/\/www.facebook.com\/profile.php?id=61555479644022&locale=pl_PL\",\"https:\/\/www.instagram.com\/pordzewione?fbclid=IwY2xjawGDjIdleHRuA2FlbQIxMAABHVtCkg3oYEIUFpDPouTNWOy9NQl_3mFaSwsEOTkriWa1tmWTw5O9AARs5w_aem_SNzw_mtwQbp02WXEccKYMA\"]}]}<\/script>\n<!-- \/ Yoast SEO plugin. -->","yoast_head_json":{"title":"Kuty \u015bwiecznik - pordzewione","robots":{"index":"index","follow":"follow","max-snippet":"max-snippet:-1","max-image-preview":"max-image-preview:large","max-video-preview":"max-video-preview:-1"},"canonical":"https:\/\/pordzewione.pl\/?product=kuty-swiecznik","og_locale":"pl_PL","og_type":"article","og_title":"Kuty \u015bwiecznik - pordzewione","og_description":"Ten kuty, metalowy \u015bwiecznik w kolorze rdzy to doskona\u0142y dodatek, kt\u00f3ry doda elegancji ka\u017cdej uroczystej kolacji. Wykonany r\u0119cznie z wysokiej jako\u015bci metalu, \u015bwiecznik \u0142\u0105czy w sobie artystyczny design z rustykalnym urokiem, tworz\u0105c niepowtarzalny akcent na stole.  Jego unikalne kszta\u0142ty i staranne wyko\u0144czenie sprawiaj\u0105, \u017ce staje si\u0119 on nie tylko funkcjonalnym elementem, ale tak\u017ce stylow\u0105 dekoracj\u0105. Ciep\u0142y odcie\u0144 rdzy wprowadza przytuln\u0105 atmosfer\u0119, a delikatny blask \u015bwiec roz\u015bwietli ka\u017cdy k\u0105t, tworz\u0105c romantyczn\u0105 i intymn\u0105 sceneri\u0119.  Idealnie pasuje do eleganckich aran\u017cacji sto\u0142u, dodaj\u0105c mu wyj\u0105tkowego charakteru. Umieszczony w towarzystwie \u015bwiec, kuty \u015bwiecznik stanie si\u0119 centralnym punktem wieczoru, przyci\u0105gaj\u0105c wzrok i wzbogacaj\u0105c atmosfer\u0119 spotkania. Wybierz ten r\u0119cznie wykonan\u0105 ozdob\u0119, aby uczyni\u0107 swoj\u0105 kolacj\u0119 niezapomnian\u0105!","og_url":"https:\/\/pordzewione.pl\/?product=kuty-swiecznik","og_site_name":"pordzewione","article_publisher":"https:\/\/www.facebook.com\/profile.php?id=61555479644022&locale=pl_PL","article_modified_time":"2025-04-12T12:36:24+00:00","og_image":[{"width":1600,"height":1074,"url":"https:\/\/pordzewione.pl\/wp-content\/uploads\/2024\/10\/swiecznik.jpg","type":"image\/jpeg"}],"twitter_card":"summary_large_image","twitter_misc":{"Szacowany czas czytania":"1 minuta"},"schema":{"@context":"https:\/\/schema.org","@graph":[{"@type":"WebPage","@id":"https:\/\/pordzewione.pl\/?product=kuty-swiecznik","url":"https:\/\/pordzewione.pl\/?product=kuty-swiecznik","name":"Kuty \u015bwiecznik - pordzewione","isPartOf":{"@id":"https:\/\/pordzewione.pl\/#website"},"primaryImageOfPage":{"@id":"https:\/\/pordzewione.pl\/?product=kuty-swiecznik#primaryimage"},"image":{"@id":"https:\/\/pordzewione.pl\/?product=kuty-swiecznik#primaryimage"},"thumbnailUrl":"https:\/\/pordzewione.pl\/wp-content\/uploads\/2024\/10\/swiecznik.jpg","datePublished":"2024-10-01T20:06:41+00:00","dateModified":"2025-04-12T12:36:24+00:00","breadcrumb":{"@id":"https:\/\/pordzewione.pl\/?product=kuty-swiecznik#breadcrumb"},"inLanguage":"pl-PL","potentialAction":[{"@type":"ReadAction","target":["https:\/\/pordzewione.pl\/?product=kuty-swiecznik"]}]},{"@type":"ImageObject","inLanguage":"pl-PL","@id":"https:\/\/pordzewione.pl\/?product=kuty-swiecznik#primaryimage","url":"https:\/\/pordzewione.pl\/wp-content\/uploads\/2024\/10\/swiecznik.jpg","contentUrl":"https:\/\/pordzewione.pl\/wp-content\/uploads\/2024\/10\/swiecznik.jpg","width":1600,"height":1074},{"@type":"BreadcrumbList","@id":"https:\/\/pordzewione.pl\/?product=kuty-swiecznik#breadcrumb","itemListElement":[{"@type":"ListItem","position":1,"name":"Strona g\u0142\u00f3wna","item":"https:\/\/pordzewione.pl\/"},{"@type":"ListItem","position":2,"name":"Sklep","item":"http:\/\/pordzewione.pl\/?page_id=15"},{"@type":"ListItem","position":3,"name":"Kuty \u015bwiecznik"}]},{"@type":"WebSite","@id":"https:\/\/pordzewione.pl\/#website","url":"https:\/\/pordzewione.pl\/","name":"pordzewione","description":"Rdza w ogrodzie","publisher":{"@id":"https:\/\/pordzewione.pl\/#organization"},"potentialAction":[{"@type":"SearchAction","target":{"@type":"EntryPoint","urlTemplate":"https:\/\/pordzewione.pl\/?s={search_term_string}"},"query-input":{"@type":"PropertyValueSpecification","valueRequired":true,"valueName":"search_term_string"}}],"inLanguage":"pl-PL"},{"@type":"Organization","@id":"https:\/\/pordzewione.pl\/#organization","name":"pordzewione","url":"https:\/\/pordzewione.pl\/","logo":{"@type":"ImageObject","inLanguage":"pl-PL","@id":"https:\/\/pordzewione.pl\/#\/schema\/logo\/image\/","url":"https:\/\/pordzewione.pl\/wp-content\/uploads\/2024\/04\/cropped-IMG_2216-e1713294513315.png","contentUrl":"https:\/\/pordzewione.pl\/wp-content\/uploads\/2024\/04\/cropped-IMG_2216-e1713294513315.png","width":781,"height":394,"caption":"pordzewione"},"image":{"@id":"https:\/\/pordzewione.pl\/#\/schema\/logo\/image\/"},"sameAs":["https:\/\/www.facebook.com\/profile.php?id=61555479644022&locale=pl_PL","https:\/\/www.instagram.com\/pordzewione?fbclid=IwY2xjawGDjIdleHRuA2FlbQIxMAABHVtCkg3oYEIUFpDPouTNWOy9NQl_3mFaSwsEOTkriWa1tmWTw5O9AARs5w_aem_SNzw_mtwQbp02WXEccKYMA"]}]}},"jetpack_sharing_enabled":true,"_links":{"self":[{"href":"https:\/\/pordzewione.pl\/index.php?rest_route=\/wp\/v2\/product\/1228","targetHints":{"allow":["GET"]}}],"collection":[{"href":"https:\/\/pordzewione.pl\/index.php?rest_route=\/wp\/v2\/product"}],"about":[{"href":"https:\/\/pordzewione.pl\/index.php?rest_route=\/wp\/v2\/types\/product"}],"wp:featuredmedia":[{"embeddable":true,"href":"https:\/\/pordzewione.pl\/index.php?rest_route=\/wp\/v2\/media\/1234"}],"wp:attachment":[{"href":"https:\/\/pordzewione.pl\/index.php?rest_route=%2Fwp%2Fv2%2Fmedia&parent=1228"}],"wp:term":[{"taxonomy":"product_brand","embeddable":true,"href":"https:\/\/pordzewione.pl\/index.php?rest_route=%2Fwp%2Fv2%2Fproduct_brand&post=1228"},{"taxonomy":"product_cat","embeddable":true,"href":"https:\/\/pordzewione.pl\/index.php?rest_route=%2Fwp%2Fv2%2Fproduct_cat&post=1228"},{"taxonomy":"product_tag","embeddable":true,"href":"https:\/\/pordzewione.pl\/index.php?rest_route=%2Fwp%2Fv2%2Fproduct_tag&post=1228"}],"curies":[{"name":"wp","href":"https:\/\/api.w.org\/{rel}","templated":true}]}}